7. Calculate the greatest common factor of p and 4956.
84
Suppose 2*k - 21 = -3*u - k, 2*u - 8 = 4*k. Let j be (3 - (-322)/u) + (-1)/(-3). Let g = 60 - j. Calculate the greatest common divisor of g and 27.
3
Let m be -294*((-92)/12 - -7). Let y be 87840/256 - (-2)/(-16). Calculate the greatest common divisor of y and m.
49
Suppose -3*t - 5*t + 720 = 0. Suppose 4*u + 3*i = 2865, -50*u + 47*u + 2175 = -3*i. What is the greatest common factor of u and t?
90
Let x(b) = 29*b + 11. Let g = 58 + -53. Let s be x(g). Suppose -4*i - 4*p + s = 0, 0 = -3*i - 0*i + 5*p + 85. What is the greatest common divisor of 245 and i?
35
Suppose 6*b - 69 = -45. Suppose -b*n + j + 321 = -4*j, -3*n + 267 = 5*j. Suppose 26*g = 22*g + n. Calculate the greatest common factor of 189 and g.
21
Let g be (3/(-2))/((-63)/84). Let w(b) = 216*b - 54. Let i be w(g). What is the highest common factor of i and 28?
14
Let f = 690247 + -690237. Let l(x) = x**3 - 3*x**2 - 7*x + 6. Let d be l(4). Let q be (-2)/4 - 63/d. What is the highest common divisor of f and q?
10
Suppose 17761 = 9*v + 17*v - 15545. What is the greatest common divisor of 63 and v?
21
Suppose 25806 = -37*d + 60*d. Calculate the greatest common divisor of 198 and d.
66
Let d be 397 + 1 + 1*-2. Let w(q) = 7*q + 40. Let y be w(12). Suppose 6*p + y = 4*r + 10*p, -169 = -4*r + 5*p. Calculate the highest common divisor of r and d.
36
Let u be 8 + (-6 + 6 - 5). Suppose 2*p + 2*b - 28 = 84, 5*b + 128 = u*p. Calculate the greatest common factor of 85 and p.
17
Let n(b) = -25*b - 289. Let p be n(-12). Let x = 65 - 92. Let u = x + 28. Calculate the greatest common factor of p and u.
1
Let j = 353 - 249. Suppose -50*w - 27 = -38*w - 123. Calculate the greatest common factor of w and j.
8
Let q = -1123 + 1155. Calculate the greatest common factor of 184 and q.
8
Suppose 0 = -5*q - 14 - 1, -2*j - 3*q = -179. Suppose -j = -7*k + 67. Let c = -216 + 423. Calculate the highest common factor of k and c.
23
Let t(n) = n**2 - 7*n - 108. Let f be t(15). Let q be (-1085)/(-14) + 30/f. What is the highest common divisor of q and 5?
5
Let u = -262 + 265. Suppose 2*b - 10 = -4*z, -4*b + 9 = u*z - b. Calculate the highest common factor of z and 8.
2
Suppose 268*b - 187*b - 517023 = 0. Calculate the greatest common divisor of b and 26.
13
Let x = -518 + 1263. Calculate the highest common factor of x and 447.
149
Suppose m + 5*p + 43 = 0, 0*m - 3*m + p = 193. Let f = m - -117. Calculate the highest common factor of f and 90.
18
Let i(x) = -54*x + 1. Let l be i(-6). Let b be 3*7*14/294*78/3. What is the highest common factor of b and l?
13
Let l = -92 - -444. Suppose 0*b + 16*b - l = 0. Calculate the highest common factor of b and 165.
11
Suppose -37814 = -4*z + 5*k, -5*z - 9*k = -7*k - 47284. Calculate the greatest common divisor of z and 3.
3
Suppose -40*t = -49*t + 549. Let p be (-3)/12 + (-1466)/(-8). What is the greatest common divisor of t and p?
61
Suppose 17049 + 13839 = -46*m + 145*m. Calculate the greatest common factor of 1032 and m.
24
Suppose 3*x - 538 = 41. Suppose -12*z + x = -83. Let m = z - 11. What is the greatest common divisor of m and 36?
12
Let n be (364/10)/(4 + 468/(-120)). What is the greatest common divisor of 208 and n?
52
Suppose 4*g = 4*l - 60, 586*g - 12 = 588*g. Suppose -w + 33 = -138. What is the highest common divisor of w and l?
9
Let q be (-559)/1989 + (-4)/(-68) + (-344)/(-9). Calculate the greatest common divisor of 34 and q.
2
Let q(o) = -o**2 + 8. Let k be q(-4). Let x = k - -7. Let b be (-66)/3*x/2. Calculate the highest common factor of b and 121.
11
Let v = -4511 + 4538. Calculate the highest common divisor of 243 and v.
27
Let w = -63 + 40. Let t = w + 38. Suppose 2*i + 6 = -2*l + 4*l, 0 = 3*l + 2*i - 24. Calculate the highest common divisor of t and l.
3
Let w = 15795 + -14822. Calculate the greatest common factor of 3197 and w.
139
Let b(j) = j**2 + 17*j + 136. Let h be b(-10). Calculate the highest common divisor of 231 and h.
33
Suppose w - 19 = -11. Suppose -5*m - b + 674 + 881 = 0, -4*b + 1540 = 5*m. What is the highest common factor of w and m?
8
Let k = 7184 + -5270. Calculate the highest common divisor of 116 and k.
58
Let w be 7 + 3/(-6)*8. Suppose -w*n + 225 = 2*n + 5*s, -1 = -s. Calculate the highest common divisor of 198 and n.
22
Suppose -3*f = -3*u - 42, -f - 5*u = -4*f + 32. Let o(t) = 20*t - 176. Let w be o(f). Calculate the greatest common divisor of 34 and w.
34
Let m(g) = -g**2 - 16*g - 21. Let t(z) = -19*z - 1. Let h be t(-5). Suppose -90*o + h*o + 48 = 0. Let k be m(o). What is the greatest common divisor of k and 3?
3
Let t = 95 + 33. Let p be (-60)/(-8)*t/6. Let u = -26 + 46. Calculate the greatest common factor of p and u.
20
Let x = 79 - 53. Suppose 0 = 6*r - 76 - x. What is the highest common factor of 187 and r?
17
Let g(w) = w**2 + 30*w + 35. Let z be g(-15). Let l = z + 292. What is the greatest common factor of 18 and l?
6
Suppose 0 = 83*b - 64*b - 950. What is the greatest common factor of b and 3025?
25
Let x(d) = 107*d + 159. Let u be x(-1). What is the highest common divisor of u and 6292?
52
Suppose 2*v - 76 = -2*v. Let g = 459 + -436. Let f = g - v. What is the greatest common divisor of 32 and f?
4
Suppose 0 = 3*f - 3*b - 135, 3*f - 85 - 50 = 5*b. Let n be ((-120)/(-100))/((-4)/(-650)). What is the greatest common factor of n and f?
15
Suppose -46 + 142 = 3*l. Let a be 24/l*1*52. Calculate the highest common divisor of a and 6.
3
Let x(s) = 31*s + 3460. Let z be x(-100). What is the greatest common divisor of z and 1098?
18
Let o be -15*(-8)/(-6)*186/(-248). Calculate the greatest common divisor of 50565 and o.
15
Suppose 7*f = 4*f + 30. Suppose 0 = -4*n + 406 + f. Let v = n - 60. Calculate the highest common factor of v and 176.
44
Let x(n) = -n**3 + 47*n**2 + 151*n + 20. Let z be x(-3). Let h be (68/(-6))/((-2)/3). What is the highest common divisor of z and h?
17
Let o be ((-3)/5 + (-672)/280)*-33. Calculate the highest common divisor of 9 and o.
9
Suppose -2*g = 3*g - 820. Suppose 5*m = -s + 93, 5*s + g = 3*m + 657. Suppose s - 33 = 5*o. What is the highest common divisor of o and 130?
13
Suppose 274 - 1130 = 2*g. Let n = -259 - g. Let y be (-5)/(10/(-6)) + 10. What is the highest common divisor of n and y?
13
Suppose -4*p + 197 = -115. Let o = p - -2. Calculate the highest common factor of 10 and o.
10
Let p be (7733/(-2442))/(((-5)/6)/5). Suppose -3*z + 260 = -253. Calculate the greatest common factor of p and z.
19
Let j be (-4)/46 + (-15 - (-12925)/253). Let v be 2 - 0 - (-93 + -1). What is the greatest common divisor of j and v?
12
Let x be -21*(360/(-480))/((-6)/(-56)). What is the highest common factor of 93 and x?
3
Let d = -19 + 5. Let f = d - -26. Let z be -1*4*(-645)/43. What is the greatest common divisor of f and z?
12
Suppose -1174*m - 52 = -1175*m - 5*v, 0 = 4*v - 8. Calculate the highest common factor of 36456 and m.
42
Suppose -t = -5*f + 68397, f + 10*t - 13683 = 9*t. Let w be (47/(-5) + 1)/((-288)/f). What is the highest common factor of w and 57?
57
Suppose 63 = 12*k - 9*k. Let v = -642 + 957. Calculate the greatest common divisor of v and k.
21
Let g be -4 - (1 + 1)/((-50)/275). Let t = 0 + 2. Let z be (-33)/(-5) + t/5. What is the greatest common divisor of z and g?
7
Suppose -5*s - 328 - 242 = 0. Let i = -69 - s. Let o = 77 - i. What is the highest common factor of 48 and o?
16
Suppose 13 - 33 = -2*h. Suppose 3*f - h = 23. Suppose 5*b = -4*r + 31 + 488, 2*b - 174 = 4*r. Calculate the greatest common divisor of f and b.
11
Suppose 171 = 3*b + b - 65. What is the greatest common factor of 177 and b?
59
Suppose -4*f + 130 = -2*c, -2*f = 2*f - 4*c - 120. Let a = 14400 + -14393. Calculate the highest common divisor of f and a.
7
Suppose -7 = -g - 2, -5*p - g = -1035. Calculate the highest common factor of 309 and p.
103
Let t(u) = -8*u**2 - 107*u + 224. Let q be t(-15). What is the greatest common factor of q and 22272?
29
Let n(v) = 2*v**3 - 7*v**2. Let c be n(5). Let f = 80 + 8. Let p = f + -63. What is the greatest common factor of p and c?
25
Let y be (2 - 2) + 7*1. Suppose -2*c = 2*v - 20, -c + 2*v = -0*v - 4. Suppose k = 4*d - c*d + 7, 0 = 5*d. Calculate the greatest common divisor of y and k.
7
Let z be (149 - 121)*(-222)/(-8). Let